{"id":76,"date":"2020-09-29T15:04:45","date_gmt":"2020-09-29T13:04:45","guid":{"rendered":"https:\/\/clooziweb.com\/breizhworld\/?page_id=76"},"modified":"2020-09-29T15:36:29","modified_gmt":"2020-09-29T13:36:29","slug":"contact","status":"publish","type":"page","link":"https:\/\/cloozi.com\/breizhworld\/contact\/","title":{"rendered":"Contact"},"content":{"rendered":"<h2>\n\t\tVous pouvez nous contacter par email, t\u00e9l\u00e9phone ou par l\u2019interm\u00e9diaire de ce formulaire de contact.\n\t<\/h2>\n\t\t\t\t<img decoding=\"async\" src=\"https:\/\/clooziweb.com\/breizhworld\/wp-content\/uploads\/sites\/85\/2020\/09\/petit-clooziweb.png\" alt=\"petit-clooziweb\" title=\"petit-clooziweb\" itemprop=\"image\"\/>\n\t\t<h5>Votre contact privil\u00e9gi\u00e9 :<\/h5><h3>Magalie Rodriguez<\/h3>\t\t\t\n\t\t<p>magalie@cloozi.com<\/p>\t\t\t\n\t\t<p>07 88 24 63 34<\/p>\t\t\t\n","protected":false},"excerpt":{"rendered":"<p>Vous pouvez nous contacter par email, t\u00e9l\u00e9phone ou par l\u2019interm\u00e9diaire de ce formulaire de contact. Votre contact privil\u00e9gi\u00e9 : Magalie Rodriguez magalie@cloozi.com 07 88 24 63 34<\/p>\n","protected":false},"author":753,"featured_media":0,"parent":0,"menu_order":0,"comment_status":"closed","ping_status":"closed","template":"","meta":{"footnotes":""},"class_list":["post-76","page","type-page","status-publish","hentry"],"_links":{"self":[{"href":"https:\/\/cloozi.com\/breizhworld\/wp-json\/wp\/v2\/pages\/76","targetHints":{"allow":["GET"]}}],"collection":[{"href":"https:\/\/cloozi.com\/breizhworld\/wp-json\/wp\/v2\/pages"}],"about":[{"href":"https:\/\/cloozi.com\/breizhworld\/wp-json\/wp\/v2\/types\/page"}],"author":[{"embeddable":true,"href":"https:\/\/cloozi.com\/breizhworld\/wp-json\/wp\/v2\/users\/753"}],"replies":[{"embeddable":true,"href":"https:\/\/cloozi.com\/breizhworld\/wp-json\/wp\/v2\/comments?post=76"}],"version-history":[{"count":3,"href":"https:\/\/cloozi.com\/breizhworld\/wp-json\/wp\/v2\/pages\/76\/revisions"}],"predecessor-version":[{"id":86,"href":"https:\/\/cloozi.com\/breizhworld\/wp-json\/wp\/v2\/pages\/76\/revisions\/86"}],"wp:attachment":[{"href":"https:\/\/cloozi.com\/breizhworld\/wp-json\/wp\/v2\/media?parent=76"}],"curies":[{"name":"wp","href":"https:\/\/api.w.org\/{rel}","templated":true}]}}