{"id":4,"date":"2021-01-19T09:25:13","date_gmt":"2021-01-19T08:25:13","guid":{"rendered":"https:\/\/clooziweb.com\/formation\/?page_id=4"},"modified":"2021-01-29T15:27:22","modified_gmt":"2021-01-29T14:27:22","slug":"accueil","status":"publish","type":"page","link":"https:\/\/cloozi.com\/formation\/","title":{"rendered":"Clooziformation"},"content":{"rendered":"<h1>\n\t\tVotre site internet de formation\n\t<\/h1>\n<h2>\n\t\tUn template pour tous les types de formations\n\t<\/h2>\n\t<p><strong>Vous avez besoin d&rsquo;un site professionnel mais vous ne savez pas comment vous y prendre ?<\/strong><\/p>\n<p>R\u00e9alisez-vous professionnellement gr\u00e2ce \u00e0 ce template tout-en-un ! Ce site va permettre de valoriser votre entreprise sur le web en alliant esth\u00e9tique et efficacit\u00e9.<\/p>\n<p>&nbsp;<\/p>\n<h2>\n\t\tNotre m\u00e9tier\n\t<\/h2>\n\t<p>Curabitur bibendum mattis vestibulum. Nam consequat elit eu urna pellentesque sollicitudin.<\/p>\n<p>Vivamus luctus pellentesque orci vel finibus. In in ex mauris. Phasellus iaculis, leo et tempor pretium, dui tortor porttitor ligula, eget consectetur magna ligula a quam.<\/p>\n\t\t\t<a href=\"https:\/\/clooziweb.com\/formation\/notre-metier\" target=\"_self\" role=\"button\" rel=\"noopener\">\n\t\t\t\t\t\t\tEn savoir plus\n\t\t\t\t\t<\/a>\n\t\t<h3>La solution cl\u00e9 en main<\/h3>\t\t\t\n\t\t\t\t<p>Le menu et les compositions des pages sont d\u00e9j\u00e0 \u00e9tudi\u00e9es pour un r\u00e9f\u00e9rencement optimal.<\/p>\n<p>Il ne vous reste plus qu&rsquo;\u00e0 personnaliser les textes, les polices, les images et les couleurs pour un site qui vous ressemble vraiment !<\/p>\n<h2>\n\t\tLes formations\n\t<\/h2>\n<h3>\n\t\tFormations propos\u00e9es et d\u00e9roulement des formations\n\t<\/h3>\n\t<p>Aliquam facilisis auctor tortor, in porta eros pulvinar mollis.<\/p>\n<p>Ut molestie, enim sed scelerisque porta, sem nibh maximus sapien, vitae tincidunt magna erat sed nibh. Proin metus tortor, volutpat vel placerat nec, sollicitudin et felis. Suspendisse potenti.<\/p>\n\t\t\t Consectetur adipiscing elit\t\t\n\t\t\t Consectetur adipiscing elit\t\t\n\t\t\t consectetur adipiscing elit\t\t\n\t<p>Donec pretium faucibus purus eu rhoncus. Cras quis lorem placerat, luctus odio in, sagittis felis.<\/p>\n\t\t\t<a href=\"https:\/\/clooziweb.com\/formation\/nos-formations\" target=\"_self\" role=\"button\" rel=\"noopener\">\n\t\t\t\t\t\t\tEn savoir plus\n\t\t\t\t\t<\/a>\n<h2>\n\t\tNos expertises et certifications\n\t<\/h2>\n\t<p>Ut molestie, enim sed scelerisque porta, sem nibh maximus sapien, vitae tincidunt magna erat sed nibh. Proin metus tortor, volutpat vel placerat nec, sollicitudin et felis.<\/p>\n<p>Aliquam facilisis auctor tortor, in porta eros pulvinar mollis. Ut molestie, enim sed scelerisque porta, sem nibh maximus sapien, vitae tincidunt magna erat sed nibh. Proin metus tortor, volutpat vel placerat nec, sollicitudin et felis. Suspendisse potenti. Donec pretium faucibus purus eu rhoncus.<\/p>\n<p>Cras quis lorem placerat, luctus odio in, sagittis felis. Praesent at nibh sed mi tincidunt pulvinar. Vestibulum tincidunt libero lectus, ac eleifend neque ultricies eu<\/p>\n\t\t\t<a href=\"https:\/\/clooziweb.com\/formation\/nos-expertises\" target=\"_self\" role=\"button\" rel=\"noopener\">\n\t\t\t\t\t\t\tNos expertises\n\t\t\t\t\t<\/a>\n\t\t\t<a href=\"https:\/\/clooziweb.com\/formation\/nos-certifications\" target=\"_self\" role=\"button\" rel=\"noopener\">\n\t\t\t\t\t\t\tNos certifications\n\t\t\t\t\t<\/a>\n<h2>\n\t\tNos engagements\n\t<\/h2>\n\t\t<h3>Cras ut interdum dolor<\/h3>\t\t\t\n\t\t\t\t<p>Praesent nunc libero, lacinia in luctus et, luctus quis dolor<\/p>\n\t\t<h3>Cras ut interdum dolor<\/h3>\t\t\t\n\t\t\t\t<p>Praesent nunc libero, lacinia in luctus et, luctus quis dolor<\/p>\n\t\t<h3>Cras ut interdum dolor<\/h3>\t\t\t\n\t\t\t\t<p>Praesent nunc libero, lacinia in luctus et, luctus quis dolor<\/p>\n\t\t\t<a href=\"https:\/\/clooziweb.com\/formation\/nos-engagements\" target=\"_self\" role=\"button\" rel=\"noopener\">\n\t\t\t\t\t\t\tEn savoir plus\n\t\t\t\t\t<\/a>\n<h2>\n\t\tDu sur-mesure selon votre profil\n\t<\/h2>\n<h3>\n\t\tCras lobortis ligula eu velit mattis\n\t<\/h3>\n\t<p>Suspendisse at purus sit amet arcu cursus interdum. Ut hendrerit quis purus in pretium. Duis tempus nunc sit amet suscipit consequat.<\/p>\n<p>Donec vitae dui cursus, maximus sapien nec, commodo velit. Pellentesque egestas in diam suscipit scelerisque. Praesent vulputate mauris et placerat iaculis.<\/p>\n\t\t\t<a href=\"https:\/\/clooziweb.com\/formation\/vous-etes\" target=\"_self\" role=\"button\" rel=\"noopener\">\n\t\t\t\t\t\t\tEn savoir plus\n\t\t\t\t\t<\/a>\n<h2>\n\t\tCombien \u00e7a co\u00fbte ?\n\t<\/h2>\n<h2>\n\t\tCombien de temps ?\n\t<\/h2>\n<h2>\n\t\tCombien de stagiaires ?\n\t<\/h2>\n\t<p>Ut hendrerit quis purus in pretium. Duis tempus nunc sit amet suscipit consequat. Donec vitae dui cursus, maximus sapien nec, commodo velit. Pellentesque egestas in diam suscipit scelerisque. Praesent vulputate mauris et placerat iaculis.<\/p>\n\t\t\t<a href=\"https:\/\/clooziweb.com\/formation\/combien\" target=\"_self\" role=\"button\" rel=\"noopener\">\n\t\t\t\t\t\t\tEn savoir plus\n\t\t\t\t\t<\/a>\n","protected":false},"excerpt":{"rendered":"<p>Votre site internet de formation Un template pour tous les types de formations Vous avez besoin d&rsquo;un site professionnel mais vous ne savez pas comment vous y prendre ? R\u00e9alisez-vous professionnellement gr\u00e2ce \u00e0 ce template tout-en-un ! Ce site va permettre de valoriser votre entreprise sur le web en alliant esth\u00e9tique et efficacit\u00e9. &nbsp; Notre&hellip;<\/p>\n","protected":false},"author":753,"featured_media":0,"parent":0,"menu_order":0,"comment_status":"closed","ping_status":"closed","template":"","meta":{"_glsr_average":0,"_glsr_ranking":0,"_glsr_reviews":0,"footnotes":""},"class_list":["post-4","page","type-page","status-publish","hentry"],"_links":{"self":[{"href":"https:\/\/cloozi.com\/formation\/wp-json\/wp\/v2\/pages\/4","targetHints":{"allow":["GET"]}}],"collection":[{"href":"https:\/\/cloozi.com\/formation\/wp-json\/wp\/v2\/pages"}],"about":[{"href":"https:\/\/cloozi.com\/formation\/wp-json\/wp\/v2\/types\/page"}],"author":[{"embeddable":true,"href":"https:\/\/cloozi.com\/formation\/wp-json\/wp\/v2\/users\/753"}],"replies":[{"embeddable":true,"href":"https:\/\/cloozi.com\/formation\/wp-json\/wp\/v2\/comments?post=4"}],"version-history":[{"count":22,"href":"https:\/\/cloozi.com\/formation\/wp-json\/wp\/v2\/pages\/4\/revisions"}],"predecessor-version":[{"id":122,"href":"https:\/\/cloozi.com\/formation\/wp-json\/wp\/v2\/pages\/4\/revisions\/122"}],"wp:attachment":[{"href":"https:\/\/cloozi.com\/formation\/wp-json\/wp\/v2\/media?parent=4"}],"curies":[{"name":"wp","href":"https:\/\/api.w.org\/{rel}","templated":true}]}}